e remainder when t is divided by 120.
49
Let c(r) = 12*r**3 + 2*r - 1. Suppose 0 = 66*d - 75*d + 36. Calculate the remainder when c(1) is divided by d.
1
Suppose -o = -0*o - 8. Suppose 4*q = -2*l - 0*q + o, 2*l - q - 3 = 0. Calculate the remainder when 4/8 - 34/(-4) is divided by l.
1
Let b = -10 + 16. Suppose 46 = -b*h + 160. What is the remainder when h is divided by 4?
3
Let r(c) = -21*c - 62. Let j be r(-5). Let y = j + 58. What is the remainder when y is divided by 26?
23
Suppose -o - 13 = 5*w + 3, -2*w = -3*o - 14. Let x(p) = -11*p + 3. What is the remainder when x(o) is divided by ((-174)/203)/((-1)/28)?
21
Suppose -10 + 0 = -5*l. Suppose -l*r - 32 = -102. What is the remainder when 103 is divided by r?
33
Suppose 45 = 3*h - 0*h. Suppose -3*k = h, -4*a - 103 = -0*a + 3*k. Let c = -5 - a. Calculate the remainder when c is divided by 5.
2
Let b(a) = 2*a**2 - 10*a + 12. Let r be b(8). Let k = r + -39. What is the remainder when 2/16 - (-76725)/1240 is divided by k?
20
Suppose -98 = 4*u - 3*u + 4*i, 4*i = -2*u - 212. Let g = -101 - u. Calculate the remainder when 45 is divided by g.
6
Let y = -57 - -121. Let p = 15 + -6. Let f(t) = t**3 - 9*t**2 + 3*t - 5. Calculate the remainder when y is divided by f(p).
20
Suppose -3*l + 10 = 2*l. Suppose l*v - 33 + 25 = 0. Suppose -2*o + 10 - 2 = 0. What is the remainder when o is divided by v?
0
Suppose 0 = -3*o + 77 + 97. Let y = o - 37. Calculate the remainder when 79 is divided by y.
16
What is the remainder when ((-2184)/(-130))/((-2)/(-5)) is divided by 31?
11
Let q be (4 + -8)/(6/(-51)). Suppose -q*m - 36 = -37*m. What is the remainder when 45 is divided by m?
9
What is the remainder when 10 is divided by (-7)/((-28)/29) + (-20)/16?
4
Let t(y) = -60*y + 2. Let a be t(1). Let g = -42 - a. Calculate the remainder when 78 is divided by g.
14
Let q = -7 - -17. Suppose -2*z = 75*z - 1386. Calculate the remainder when z is divided by q.
8
Let v(h) = 0 - h**3 + 5*h**2 - 4 + 7*h + 11 - 3. What is the remainder when 28 is divided by v(6)?
8
Suppose -3 = -c - 8 + 4, -3*s = c - 11. Let t(g) = 2*g - 7. Let r be t(6). Suppose 2*n + 57 = r*n. What is the remainder when n is divided by s?
3
Let a be 6 + 0 + -1 + -2. Let y be (1 - -4) + 0/2. Suppose a*r + 2 = 4*q - 3, 4*r = 5*q - y. What is the remainder when q is divided by 2?
1
Let i(t) = -2*t**2 + t + 2. Let d be i(-4). Let w = d - -56. What is the remainder when 64 is divided by w?
20
Suppose 0*p - 3*p - 5*o = -92, 2*o - 60 = -2*p. Suppose y + 0*y = p. What is the remainder when 115 is divided by y?
28
Suppose -74*r + 68*r = -792. Calculate the remainder when r is divided by 45.
42
Let q(r) = 22*r - 47. Calculate the remainder when q(7) is divided by -4 - 8/(16/(-30)).
8
Let w = 10 - 8. Suppose w*p + 109 = -5*b + 10*b, 4*b - 86 = p. Calculate the remainder when 48 is divided by b.
6
Suppose -25 = -5*s, -s = 3*h - 38 - 12. Let o = -41 + 41. Suppose w - 5*a + 8 - 81 = 0, o = 3*w + 2*a - 168. What is the remainder when w is divided by h?
13
Suppose -3005 + 2390 = -3*v. Calculate the remainder when v is divided by 13.
10
Suppose 243 = 2*x + 203. Calculate the remainder when 79 is divided by x.
19
Suppose 16 = k + 3*k. Suppose k*o - 15 = -o. Let i = 67 + o. What is the remainder when i is divided by 24?
22
Let t = -84 - -39. Let v = t - -14. Let r = -12 - v. Calculate the remainder when r is divided by 11.
8
Suppose 7*t - 9*t + 2*q = 0, -3*t - 2*q = -25. Suppose x - 4*y = 25 + 29, 5*x + 4*y - 390 = 0. What is the remainder when x is divided by t/15*3 + 18?
17
Let t(f) = 0*f + 0*f - f + 2. Let g = -23 + 18. Calculate the remainder when 13 is divided by t(g).
6
Suppose 16*y - 75 = 133. What is the remainder when 192 is divided by y?
10
Suppose 5*l = 2*a - 46, l = 3*a - 4*l - 59. Let x be -230*(-2)/(-4)*-1. Suppose -4*z + x = z. What is the remainder when z is divided by a?
10
Suppose -813 = -5*k + 4*l, -4*k - l + 675 = 4*l. Suppose -7*s + 12*s = k. Calculate the remainder when 2*24*(1 - -1) is divided by s.
30
Let w be (-1)/((7/(-15))/(-7)) + -3. What is the remainder when 4 is divided by 32/144 - 68/w?
0
Let w(t) = t**3 - 7*t + 2*t**2 - 8*t**2 + 0*t**3 + 15 + 0*t**3. Suppose -7*q - 8 = -3*q, -3*z + 2*q + 88 = 0. Calculate the remainder when z is divided by w(7).
13
Suppose 0*f + 2*f - 66 = 0. Let i = -181 + 190. What is the remainder when f is divided by i?
6
Suppose 1247 = -21*h + 5300. What is the remainder when h is divided by 49?
46
Let b(z) = -7*z + 3*z - 1 - 3*z. Let r be b(-5). Let j = 48 - r. Calculate the remainder when 26 is divided by j.
12
Let f = 14 + -7. Calculate the remainder when 16/56 - (-327)/f is divided by 13.
8
Suppose 87 = 4*m - 13. Let u = -11 + m. Calculate the remainder when u is divided by 0 + 2 - (-2)/1.
2
Let d be -2 - ((-1 - 1) + 3). Suppose 0 = o + 2, 3*o = 43*w - 39*w - 26. Calculate the remainder when (-6 - d)/((-1)/3) is divided by w.
4
Calculate the remainder when 16/3*3492/24 is divided by 56.
48
Suppose 4*c + 3*u = -0*u - 6, -c + u = -2. Let v(z) = -4*z**2 + c + 0 - 5*z - 1 + 2*z**3. Calculate the remainder when v(4) is divided by 15.
13
Let g(j) = j**3 - 28*j**2 + 31*j - 85. What is the remainder when g(27) is divided by 9?
5
Let i = -19 - -47. Suppose -i = -5*r + 7. Calculate the remainder when 17 is divided by r.
3
Let j be ((-82)/(-3))/(-2*(-5)/15). Let i = 24 + j. Let b(p) = -2*p**3 + 2*p**2 + 2*p + 3. Calculate the remainder when i is divided by b(-2).
19
Suppose -30 = -2*k + 14. Let x = -26 + k. Let o = x - -10. Calculate the remainder when 10 is divided by o.
4
Suppose 0 = -119*r + 42025 + 64599. What is the remainder when r is divided by 25?
21
What is the remainder when (-4 + 78/(-6))/(1/(-2)) is divided by 8?
2
Let j be (10/(-6))/(17/(-51)). Suppose -49 - 39 = -2*x - 5*h, -j*x - 3*h + 239 = 0. Calculate the remainder when x is divided by 13.
10
Let c(j) = 8*j**2 - 3*j + 5. Suppose 2*b = 92 + 92. What is the remainder when b is divided by c(2)?
30
Let j(b) = 11*b + 339. Calculate the remainder when ((-39)/9)/((-1)/9) is divided by j(-29).
19
Let l = 35 - 29. Calculate the remainder when 2/(-1) + l - -41 is divided by 23.
22
Suppose q - 5*q + 4*c = -332, -4*q = 3*c - 318. Calculate the remainder when q is divided by 15.
6
What is the remainder when 16/10*(426/6 - -4) is divided by 16?
8
Let g = 197 + -90. Calculate the remainder when g is divided by 25.
7
Let s(n) = 436*n - 138. Calculate the remainder when s(1) is divided by 79.
61
Let s(a) = -a**3 + 11*a**2 + 13*a + 20. Let f be s(12). Let y = f + -47. Let j = -6 - y. What is the remainder when 42 is divided by j?
6
Calculate the remainder when (-1827)/(-3) - 0/(15/(-5)) is divided by 68.
65
Let r = 59 - 106. Let g = 115 + r. What is the remainder when g is divided by 24?
20
What is the remainder when ((-244)/(-4) - 3) + 1 is divided by -1 - -20 - 5/(-5)?
19
Suppose 0 = 3*m + 8 - 20. Suppose 8 = r + 4*s - 11, 0 = -5*r - m*s + 47. Suppose 4*i - 1 = 11. Calculate the remainder when r is divided by i.
1
Let r(w) = -w**3 + 8*w**2 - 5*w + 3. What is the remainder when 609 is divided by r(2)?
14
Let b(u) = u**2 + 14*u - 137. Calculate the remainder when 48 is divided by b(-21).
8
Let j(o) = 3*o**2 - 6*o - 15. Let v be j(7). Suppose 4*n - 22 = v. Calculate the remainder when -2 - -1 - (-111)/1 is divided by n.
26
Let y be ((-6)/10)/((-3)/(-15)). Suppose 0*m = 2*m - 24. What is the remainder when 47 is divided by (0/y)/3 + m?
11
Suppose 2*q - 93 = -15. Suppose 0*y - 35 = 3*y + 4*a, 0 = -4*y + 4*a. Let r(w) = -w**3 - 5*w**2 - w + 5. Calculate the remainder when q is divided by r(y).
9
Suppose -4*g - 21 = 4*j - 369, -j - 77 = -g. What is the remainder when g is divided by 37?
8
Suppose 3*u - 4*s - 94 = 0, u = 9*s - 6*s + 33. Calculate the remainder when 118 is divided by u.
28
Let t = 111 + -111. Suppose a = -5*s + 210, 0 = s - t*s + a - 38. What is the remainder when s is divided by 9?
7
Let x be -9*6/(-90) - (-44)/10. Suppose j - x*f = 49, -f = -5*j + 109 + 16. What is the remainder when j is divided by 16?
8
Calculate the remainder when 193 is divided by ((-94)/(-6))/((-6)/(-18)) - -2.
46
Let d = 693 + -675. Suppose -2*l = -6*l + 276. What is the remainder when l is divided by d?
15
Let j be (4 + -4 + -1)*-1*4. Suppose 30 = -j*p + 4*r + 258, -r = 4*p - 208. What is the